{"id":308,"date":"2023-10-25T14:57:23","date_gmt":"2023-10-25T12:57:23","guid":{"rendered":"https:\/\/joliechezsoi.fr\/?page_id=308"},"modified":"2023-11-03T18:37:26","modified_gmt":"2023-11-03T17:37:26","slug":"politique","status":"publish","type":"page","link":"https:\/\/joliechezsoi.fr\/index.php\/politique\/","title":{"rendered":"Politique de confidentialit\u00e9."},"content":{"rendered":"\t\t<div data-elementor-type=\"wp-page\" data-elementor-id=\"308\" class=\"elementor elementor-308\" data-elementor-settings=\"{&quot;ha_cmc_init_switcher&quot;:&quot;no&quot;}\">\n\t\t\t\t<div class=\"elementor-element elementor-element-39cc666 e-flex e-con-boxed e-con e-parent\" data-id=\"39cc666\" data-element_type=\"container\" data-e-type=\"container\" data-settings=\"{&quot;_ha_eqh_enable&quot;:false}\">\n\t\t\t\t\t<div class=\"e-con-inner\">\n\t\t\t\t<div class=\"elementor-element elementor-element-3f4efca elementor-widget elementor-widget-text-editor\" data-id=\"3f4efca\" data-element_type=\"widget\" data-e-type=\"widget\" data-widget_type=\"text-editor.default\">\n\t\t\t\t<div class=\"elementor-widget-container\">\n\t\t\t\t\t\t\t\t\t<h1><b><u>CONDITIONS D\u2019UTILISATION et MENTIONS LEGALES<\/u><\/b><\/h1><h6>Conform\u00e9ment aux dispositions de la loi\u00a0<b>n\u00b0 2004-575 du 21 juin 2004<\/b>\u00a0pour la confiance en l\u2019\u00e9conomie num\u00e9rique, il est pr\u00e9cis\u00e9 aux utilisateurs du site\u00a0<a href=\"https:\/\/www.joliechezsoi.fr\">www.joliechezsoi.fr<\/a>\u00a0l\u2019identit\u00e9 des diff\u00e9rents intervenants dans le cadre de sa r\u00e9alisation et de son suivi.<\/h6><div>\u00a0<\/div><h2>Qui sommes-nous\u00a0?<\/h2><div>Jolie chez soi<\/div><p>L\u2019adresse de notre site est :\u00a0<a href=\"https:\/\/www.joliechezsoi.fr\">www.joliechezsoi.fr<\/a>\u00a0<\/p><p><u>Propri\u00e9taire du site :<\/u> Mme DUCAIRE Charline.<\/p><h4>Edition du site :<\/h4><p>Le site\u00a0<a href=\"https:\/\/www.joliechezsoi.fr\">www.joliechezsoi.fr <\/a>est produit par\u00a0<a href=\"http:\/\/www.mon-design.fr\/\" target=\"_blank\" rel=\"noopener\">www.mon-design.fr<\/a>.<\/p><p>H\u00e9bergement : Hostinger<\/p><p>61 Lordou Vironos Street, 6023 Larcana, Chypres.<\/p><h2>Propri\u00e9t\u00e9 intellectuelles<\/h2><div>La structure g\u00e9n\u00e9rale du site www.joliechezsoi.fr, ainsi que le contenu (textes, images, photos,\u2026) la composant sont propri\u00e9t\u00e9 de Mme DUCAIRE ou de ses partenaires. Toute repr\u00e9sentation et\/ou reproduction et\/ou exploitation partielle ou totale des contenus et services propos\u00e9s par le site www.joliechezsoi.fr, par quelque proc\u00e9d\u00e9 que ce soit, sans l\u2019autorisation pr\u00e9alable et \u00e9crite du propri\u00e9taire est strictement interdite et serait susceptible de constituer une contrefa\u00e7on au sens des articles L 335-2 et suivants du Code de la propri\u00e9t\u00e9 intellectuelle.<\/div><div>\u00a0<\/div><h2>Responsabilit\u00e9s<\/h2><p>Bien que les informations publi\u00e9es sur le site soient r\u00e9put\u00e9es fiables, le site se r\u00e9serve la facult\u00e9 d\u2019une non-garantie de la fiabilit\u00e9 des sources.<\/p><p>Les informations diffus\u00e9es sur le site www.joliechezsoi.fr sont pr\u00e9sent\u00e9es \u00e0 titre purement informatif et sont sans valeur contractuelle. En d\u00e9pit des mises \u00e0 jour r\u00e9guli\u00e8res, la responsabilit\u00e9 du site ne peut \u00eatre engag\u00e9e en cas de modification des dispositions administratives et juridiques apparaissant apr\u00e8s la publication. Il en est de m\u00eame pour l\u2019utilisation et l\u2019interpr\u00e9tation des informations communiqu\u00e9es sur la plateforme.<\/p><p>Le site d\u00e9cline toute responsabilit\u00e9 concernant les \u00e9ventuels virus pouvant infecter le mat\u00e9riel informatique de l\u2019Utilisateur apr\u00e8s l\u2019utilisation ou l\u2019acc\u00e8s \u00e0 ce site.<\/p><p>Le site ne peut \u00eatre tenu pour responsable en cas de force majeure ou du fait impr\u00e9visible et insurmontable d\u2019un tiers.<\/p><p>La garantie totale de la s\u00e9curit\u00e9 et la confidentialit\u00e9 des donn\u00e9es n\u2019est pas assur\u00e9e par le site. Cependant, le site s\u2019engage \u00e0 mettre en \u0153uvre toutes les m\u00e9thodes requises pour le faire au mieux.<\/p><p>Pour des raisons de maintenance ou autres, l\u2019acc\u00e8s au site peut \u00eatre interrompu ou suspendu par l\u2019\u00e9diteur sans pr\u00e9avis ni justification.<\/p><h2>Cookies<\/h2><p>Lors des visites sur le site, l\u2019installation automatique d\u2019un cookie sur le logiciel de navigation de l\u2019Utilisateur peut survenir.<\/p><p>Les cookies correspondent \u00e0 de petits fichiers d\u00e9pos\u00e9s temporairement sur le disque dur de l\u2019ordinateur de l\u2019Utilisateur. Ces cookies sont n\u00e9cessaires pour assurer l\u2019accessibilit\u00e9 et la navigation sur le site. Ces fichiers ne comportent pas d\u2019informations personnelles et ne peuvent pas \u00eatre utilis\u00e9s pour l\u2019identification d\u2019une personne.<\/p><p>L\u2019information pr\u00e9sente dans les cookies est utilis\u00e9e pour am\u00e9liorer les performances de navigation sur le site www.joliechezsoi.fr.<\/p><p>En naviguant sur le site, l\u2019Utilisateur accepte les cookies. Leur d\u00e9sactivation peut s\u2019effectuer via les param\u00e8tres du logiciel de navigation.<\/p><h2>Contenu embarqu\u00e9 depuis d\u2019autres sites<\/h2><p>Les articles de ce site peuvent inclure des contenus int\u00e9gr\u00e9s (par exemple des vid\u00e9os, images, articles\u2026). Le contenu int\u00e9gr\u00e9 depuis d\u2019autres sites se comporte de la m\u00eame mani\u00e8re que si le visiteur se rendait sur cet autre site.<\/p><p>Ces sites web pourraient collecter des donn\u00e9es sur vous, utiliser des cookies, embarquer des outils de suivis tiers, suivre vos interactions avec ces contenus embarqu\u00e9s si vous disposez d\u2019un compte connect\u00e9 sur leur site web.<\/p><h2>Liens hypertextes<\/h2><div>Le site www.joliechezsoi.fr peut contenir des liens hypertextes vers d\u2019autres sites pr\u00e9sents sur le r\u00e9seau Internet. Le site www.agnes-nutrisante.fr n\u2019est plus responsable de ce que pourrait arriver lorsque l\u2019utilisateur quitte le site vers ces liens.<br \/>Il est possible de cr\u00e9er un lien vers l\u2019une des pages de ce site sans autorisation. Il convient toutefois d\u2019afficher ce site dans une nouvelle fen\u00eatre du navigateur. Cependant, l\u2019\u00e9diteur se r\u00e9serve le droit de demander la suppression d\u2019un lien qu\u2019il estime non conforme sans devoir se justifier.<\/div><h2>Donn\u00e9es personnelles<\/h2><div><p>Le site www.joliechezsoi.fr est susceptibles d\u2019enregistrer certaines donn\u00e9es pour des besoins de statiques du site et par le biais du formulaire de contact.<br \/>Suivant la loi Informatique et libert\u00e9s en date du 06 janvier 1978, article 39 et 40, l\u2019Utilisateur dispose du droit d\u2019acc\u00e9der, de rectifier, de supprimer et d\u2019opposer ses donn\u00e9es personnelles. L\u2019exercice de ce droit doit ce faire par demande \u00e9crite au propri\u00e9taire du site.\u00a0<\/p><\/div><h2>Modification des conditions d\u2019utilisation\u00a0<\/h2><div>L\u2019\u00e9diteur se r\u00e9serve la possibilit\u00e9 de modifier, \u00e0 tout moment et sans pr\u00e9avis, les pr\u00e9sentes conditions d\u2019utilisation afin de les adapter aux \u00e9volutions du site\/et ou son exploitation.<\/div>\t\t\t\t\t\t\t\t<\/div>\n\t\t\t\t<\/div>\n\t\t\t\t\t<\/div>\n\t\t\t\t<\/div>\n\t\t\t\t<\/div>\n\t\t","protected":false},"excerpt":{"rendered":"<p>CONDITIONS D\u2019UTILISATION et MENTIONS LEGALES Conform\u00e9ment aux dispositions de la loi\u00a0n\u00b0 2004-575 du 21 juin 2004\u00a0pour la confiance en l\u2019\u00e9conomie num\u00e9rique, il est pr\u00e9cis\u00e9 aux utilisateurs du site\u00a0www.joliechezsoi.fr\u00a0l\u2019identit\u00e9 des diff\u00e9rents intervenants dans le cadre de sa r\u00e9alisation et de son suivi. Qui sommes-nous\u00a0? Jolie chez soi L\u2019adresse de notre site est :\u00a0www.joliechezsoi.fr Propri\u00e9taire du site [&hellip;]<\/p>\n","protected":false},"author":1,"featured_media":0,"parent":0,"menu_order":0,"comment_status":"closed","ping_status":"closed","template":"","meta":{"_uf_show_specific_survey":0,"_uf_disable_surveys":false,"ocean_post_layout":"full-width","ocean_both_sidebars_style":"","ocean_both_sidebars_content_width":0,"ocean_both_sidebars_sidebars_width":0,"ocean_sidebar":"","ocean_second_sidebar":"","ocean_disable_margins":"enable","ocean_add_body_class":"","ocean_shortcode_before_top_bar":"","ocean_shortcode_after_top_bar":"","ocean_shortcode_before_header":"","ocean_shortcode_after_header":"","ocean_has_shortcode":"","ocean_shortcode_after_title":"","ocean_shortcode_before_footer_widgets":"","ocean_shortcode_after_footer_widgets":"","ocean_shortcode_before_footer_bottom":"","ocean_shortcode_after_footer_bottom":"","ocean_display_top_bar":"default","ocean_display_header":"default","ocean_header_style":"","ocean_center_header_left_menu":"","ocean_custom_header_template":"","ocean_custom_logo":0,"ocean_custom_retina_logo":0,"ocean_custom_logo_max_width":0,"ocean_custom_logo_tablet_max_width":0,"ocean_custom_logo_mobile_max_width":0,"ocean_custom_logo_max_height":0,"ocean_custom_logo_tablet_max_height":0,"ocean_custom_logo_mobile_max_height":0,"ocean_header_custom_menu":"","ocean_menu_typo_font_family":"","ocean_menu_typo_font_subset":"","ocean_menu_typo_font_size":0,"ocean_menu_typo_font_size_tablet":0,"ocean_menu_typo_font_size_mobile":0,"ocean_menu_typo_font_size_unit":"px","ocean_menu_typo_font_weight":"","ocean_menu_typo_font_weight_tablet":"","ocean_menu_typo_font_weight_mobile":"","ocean_menu_typo_transform":"","ocean_menu_typo_transform_tablet":"","ocean_menu_typo_transform_mobile":"","ocean_menu_typo_line_height":0,"ocean_menu_typo_line_height_tablet":0,"ocean_menu_typo_line_height_mobile":0,"ocean_menu_typo_line_height_unit":"","ocean_menu_typo_spacing":0,"ocean_menu_typo_spacing_tablet":0,"ocean_menu_typo_spacing_mobile":0,"ocean_menu_typo_spacing_unit":"","ocean_menu_link_color":"","ocean_menu_link_color_hover":"","ocean_menu_link_color_active":"","ocean_menu_link_background":"","ocean_menu_link_hover_background":"","ocean_menu_link_active_background":"","ocean_menu_social_links_bg":"","ocean_menu_social_hover_links_bg":"","ocean_menu_social_links_color":"","ocean_menu_social_hover_links_color":"","ocean_disable_title":"on","ocean_disable_heading":"default","ocean_post_title":"","ocean_post_subheading":"","ocean_post_title_style":"","ocean_post_title_background_color":"","ocean_post_title_background":0,"ocean_post_title_bg_image_position":"","ocean_post_title_bg_image_attachment":"","ocean_post_title_bg_image_repeat":"","ocean_post_title_bg_image_size":"","ocean_post_title_height":0,"ocean_post_title_bg_overlay":0.5,"ocean_post_title_bg_overlay_color":"","ocean_disable_breadcrumbs":"default","ocean_breadcrumbs_color":"","ocean_breadcrumbs_separator_color":"","ocean_breadcrumbs_links_color":"","ocean_breadcrumbs_links_hover_color":"","ocean_display_footer_widgets":"default","ocean_display_footer_bottom":"default","ocean_custom_footer_template":"","footnotes":""},"class_list":["post-308","page","type-page","status-publish","hentry","entry"],"yoast_head":"<!-- This site is optimized with the Yoast SEO plugin v26.9 - https:\/\/yoast.com\/product\/yoast-seo-wordpress\/ -->\n<title>Politique de confidentialit\u00e9. - Jolie Chez Soi<\/title>\n<meta name=\"robots\" content=\"noindex, follow\" \/>\n<meta property=\"og:locale\" content=\"en_US\" \/>\n<meta property=\"og:type\" content=\"article\" \/>\n<meta property=\"og:title\" content=\"Politique de confidentialit\u00e9. - Jolie Chez Soi\" \/>\n<meta property=\"og:description\" content=\"CONDITIONS D\u2019UTILISATION et MENTIONS LEGALES Conform\u00e9ment aux dispositions de la loi\u00a0n\u00b0 2004-575 du 21 juin 2004\u00a0pour la confiance en l\u2019\u00e9conomie num\u00e9rique, il est pr\u00e9cis\u00e9 aux utilisateurs du site\u00a0www.joliechezsoi.fr\u00a0l\u2019identit\u00e9 des diff\u00e9rents intervenants dans le cadre de sa r\u00e9alisation et de son suivi. Qui sommes-nous\u00a0? Jolie chez soi L\u2019adresse de notre site est :\u00a0www.joliechezsoi.fr Propri\u00e9taire du site [&hellip;]\" \/>\n<meta property=\"og:url\" content=\"https:\/\/joliechezsoi.fr\/index.php\/politique\/\" \/>\n<meta property=\"og:site_name\" content=\"Jolie Chez Soi\" \/>\n<meta property=\"article:publisher\" content=\"https:\/\/www.facebook.com\/profile.php?id=100088874976480\" \/>\n<meta property=\"article:modified_time\" content=\"2023-11-03T17:37:26+00:00\" \/>\n<meta name=\"twitter:card\" content=\"summary_large_image\" \/>\n<meta name=\"twitter:label1\" content=\"Est. reading time\" \/>\n\t<meta name=\"twitter:data1\" content=\"4 minutes\" \/>\n<script type=\"application\/ld+json\" class=\"yoast-schema-graph\">{\"@context\":\"https:\/\/schema.org\",\"@graph\":[{\"@type\":\"WebPage\",\"@id\":\"https:\/\/joliechezsoi.fr\/index.php\/politique\/\",\"url\":\"https:\/\/joliechezsoi.fr\/index.php\/politique\/\",\"name\":\"Politique de confidentialit\u00e9. - Jolie Chez Soi\",\"isPartOf\":{\"@id\":\"https:\/\/joliechezsoi.fr\/#website\"},\"datePublished\":\"2023-10-25T12:57:23+00:00\",\"dateModified\":\"2023-11-03T17:37:26+00:00\",\"breadcrumb\":{\"@id\":\"https:\/\/joliechezsoi.fr\/index.php\/politique\/#breadcrumb\"},\"inLanguage\":\"en-US\",\"potentialAction\":[{\"@type\":\"ReadAction\",\"target\":[\"https:\/\/joliechezsoi.fr\/index.php\/politique\/\"]}]},{\"@type\":\"BreadcrumbList\",\"@id\":\"https:\/\/joliechezsoi.fr\/index.php\/politique\/#breadcrumb\",\"itemListElement\":[{\"@type\":\"ListItem\",\"position\":1,\"name\":\"Accueil\",\"item\":\"https:\/\/joliechezsoi.fr\/\"},{\"@type\":\"ListItem\",\"position\":2,\"name\":\"Politique de confidentialit\u00e9.\"}]},{\"@type\":\"WebSite\",\"@id\":\"https:\/\/joliechezsoi.fr\/#website\",\"url\":\"https:\/\/joliechezsoi.fr\/\",\"name\":\"Jolie Chez Soi\",\"description\":\"\",\"publisher\":{\"@id\":\"https:\/\/joliechezsoi.fr\/#organization\"},\"potentialAction\":[{\"@type\":\"SearchAction\",\"target\":{\"@type\":\"EntryPoint\",\"urlTemplate\":\"https:\/\/joliechezsoi.fr\/?s={search_term_string}\"},\"query-input\":{\"@type\":\"PropertyValueSpecification\",\"valueRequired\":true,\"valueName\":\"search_term_string\"}}],\"inLanguage\":\"en-US\"},{\"@type\":\"Organization\",\"@id\":\"https:\/\/joliechezsoi.fr\/#organization\",\"name\":\"Jolie Chez Soi\",\"url\":\"https:\/\/joliechezsoi.fr\/\",\"logo\":{\"@type\":\"ImageObject\",\"inLanguage\":\"en-US\",\"@id\":\"https:\/\/joliechezsoi.fr\/#\/schema\/logo\/image\/\",\"url\":\"https:\/\/joliechezsoi.fr\/wp-content\/uploads\/2023\/10\/cropped-Logo-Jolie-chez-soi.png\",\"contentUrl\":\"https:\/\/joliechezsoi.fr\/wp-content\/uploads\/2023\/10\/cropped-Logo-Jolie-chez-soi.png\",\"width\":498,\"height\":445,\"caption\":\"Jolie Chez Soi\"},\"image\":{\"@id\":\"https:\/\/joliechezsoi.fr\/#\/schema\/logo\/image\/\"},\"sameAs\":[\"https:\/\/www.facebook.com\/profile.php?id=100088874976480\"]}]}<\/script>\n<!-- \/ Yoast SEO plugin. -->","yoast_head_json":{"title":"Politique de confidentialit\u00e9. - Jolie Chez Soi","robots":{"index":"noindex","follow":"follow"},"og_locale":"en_US","og_type":"article","og_title":"Politique de confidentialit\u00e9. - Jolie Chez Soi","og_description":"CONDITIONS D\u2019UTILISATION et MENTIONS LEGALES Conform\u00e9ment aux dispositions de la loi\u00a0n\u00b0 2004-575 du 21 juin 2004\u00a0pour la confiance en l\u2019\u00e9conomie num\u00e9rique, il est pr\u00e9cis\u00e9 aux utilisateurs du site\u00a0www.joliechezsoi.fr\u00a0l\u2019identit\u00e9 des diff\u00e9rents intervenants dans le cadre de sa r\u00e9alisation et de son suivi. Qui sommes-nous\u00a0? Jolie chez soi L\u2019adresse de notre site est :\u00a0www.joliechezsoi.fr Propri\u00e9taire du site [&hellip;]","og_url":"https:\/\/joliechezsoi.fr\/index.php\/politique\/","og_site_name":"Jolie Chez Soi","article_publisher":"https:\/\/www.facebook.com\/profile.php?id=100088874976480","article_modified_time":"2023-11-03T17:37:26+00:00","twitter_card":"summary_large_image","twitter_misc":{"Est. reading time":"4 minutes"},"schema":{"@context":"https:\/\/schema.org","@graph":[{"@type":"WebPage","@id":"https:\/\/joliechezsoi.fr\/index.php\/politique\/","url":"https:\/\/joliechezsoi.fr\/index.php\/politique\/","name":"Politique de confidentialit\u00e9. - Jolie Chez Soi","isPartOf":{"@id":"https:\/\/joliechezsoi.fr\/#website"},"datePublished":"2023-10-25T12:57:23+00:00","dateModified":"2023-11-03T17:37:26+00:00","breadcrumb":{"@id":"https:\/\/joliechezsoi.fr\/index.php\/politique\/#breadcrumb"},"inLanguage":"en-US","potentialAction":[{"@type":"ReadAction","target":["https:\/\/joliechezsoi.fr\/index.php\/politique\/"]}]},{"@type":"BreadcrumbList","@id":"https:\/\/joliechezsoi.fr\/index.php\/politique\/#breadcrumb","itemListElement":[{"@type":"ListItem","position":1,"name":"Accueil","item":"https:\/\/joliechezsoi.fr\/"},{"@type":"ListItem","position":2,"name":"Politique de confidentialit\u00e9."}]},{"@type":"WebSite","@id":"https:\/\/joliechezsoi.fr\/#website","url":"https:\/\/joliechezsoi.fr\/","name":"Jolie Chez Soi","description":"","publisher":{"@id":"https:\/\/joliechezsoi.fr\/#organization"},"potentialAction":[{"@type":"SearchAction","target":{"@type":"EntryPoint","urlTemplate":"https:\/\/joliechezsoi.fr\/?s={search_term_string}"},"query-input":{"@type":"PropertyValueSpecification","valueRequired":true,"valueName":"search_term_string"}}],"inLanguage":"en-US"},{"@type":"Organization","@id":"https:\/\/joliechezsoi.fr\/#organization","name":"Jolie Chez Soi","url":"https:\/\/joliechezsoi.fr\/","logo":{"@type":"ImageObject","inLanguage":"en-US","@id":"https:\/\/joliechezsoi.fr\/#\/schema\/logo\/image\/","url":"https:\/\/joliechezsoi.fr\/wp-content\/uploads\/2023\/10\/cropped-Logo-Jolie-chez-soi.png","contentUrl":"https:\/\/joliechezsoi.fr\/wp-content\/uploads\/2023\/10\/cropped-Logo-Jolie-chez-soi.png","width":498,"height":445,"caption":"Jolie Chez Soi"},"image":{"@id":"https:\/\/joliechezsoi.fr\/#\/schema\/logo\/image\/"},"sameAs":["https:\/\/www.facebook.com\/profile.php?id=100088874976480"]}]}},"_links":{"self":[{"href":"https:\/\/joliechezsoi.fr\/index.php\/wp-json\/wp\/v2\/pages\/308","targetHints":{"allow":["GET"]}}],"collection":[{"href":"https:\/\/joliechezsoi.fr\/index.php\/wp-json\/wp\/v2\/pages"}],"about":[{"href":"https:\/\/joliechezsoi.fr\/index.php\/wp-json\/wp\/v2\/types\/page"}],"author":[{"embeddable":true,"href":"https:\/\/joliechezsoi.fr\/index.php\/wp-json\/wp\/v2\/users\/1"}],"replies":[{"embeddable":true,"href":"https:\/\/joliechezsoi.fr\/index.php\/wp-json\/wp\/v2\/comments?post=308"}],"version-history":[{"count":9,"href":"https:\/\/joliechezsoi.fr\/index.php\/wp-json\/wp\/v2\/pages\/308\/revisions"}],"predecessor-version":[{"id":397,"href":"https:\/\/joliechezsoi.fr\/index.php\/wp-json\/wp\/v2\/pages\/308\/revisions\/397"}],"wp:attachment":[{"href":"https:\/\/joliechezsoi.fr\/index.php\/wp-json\/wp\/v2\/media?parent=308"}],"curies":[{"name":"wp","href":"https:\/\/api.w.org\/{rel}","templated":true}]}}